{"id":610,"date":"2020-07-12T16:21:12","date_gmt":"2020-07-12T14:21:12","guid":{"rendered":"https:\/\/aigueliere.fr\/?page_id=610"},"modified":"2021-03-14T19:07:24","modified_gmt":"2021-03-14T18:07:24","slug":"pegase","status":"publish","type":"page","link":"https:\/\/aigueliere.fr\/index.php\/nos-vins\/pegase\/","title":{"rendered":"P\u00e9gase"},"content":{"rendered":"<p>[et_pb_section fb_built=&#8221;1&#8243; _builder_version=&#8221;4.2.2&#8243; custom_padding=&#8221;5px||3px|||&#8221;][et_pb_row _builder_version=&#8221;4.2.2&#8243;][et_pb_column type=&#8221;4_4&#8243; _builder_version=&#8221;4.2.2&#8243;][et_pb_woopro_breadcrumb _builder_version=&#8221;4.5.4&#8243; _module_preset=&#8221;default&#8221;][\/et_pb_woopro_breadcrumb][\/et_pb_column][\/et_pb_row][\/et_pb_section][et_pb_section fb_built=&#8221;1&#8243; _builder_version=&#8221;4.0.9&#8243; custom_padding=&#8221;16px||4px|||&#8221;][et_pb_row column_structure=&#8221;1_4,1_2,1_4&#8243; _builder_version=&#8221;4.0.9&#8243; custom_padding=&#8221;74px||10px|||&#8221;][et_pb_column type=&#8221;1_4&#8243; _builder_version=&#8221;4.0.9&#8243;][et_pb_image src=&#8221;https:\/\/aigueliere.fr\/wp-content\/uploads\/2020\/07\/aigueliere_pegase_2017_rouge-scaled-1.jpg&#8221; _builder_version=&#8221;4.0.9&#8243; transform_scale=&#8221;84%|84%&#8221; min_height=&#8221;769px&#8221; custom_margin=&#8221;-117px|-28px|||false|false&#8221; custom_padding=&#8221;0px||0px||false|false&#8221;][\/et_pb_image][et_pb_button button_url=&#8221;https:\/\/aigueliere.fr\/wp-content\/uploads\/FICHES_TECHNIQUES\/PEGASE-2019-Pro.pdf&#8221; url_new_window=&#8221;on&#8221; button_text=&#8221;Fiche Technique 2019&#8243; button_alignment=&#8221;center&#8221; _builder_version=&#8221;4.9.2&#8243; custom_button=&#8221;on&#8221; button_text_size=&#8221;15px&#8221; button_text_color=&#8221;#a31624&#8243; button_border_radius=&#8221;6px&#8221; button_icon=&#8221;%%72%%&#8221; button_icon_placement=&#8221;left&#8221; hover_enabled=&#8221;0&#8243; locked=&#8221;off&#8221; sticky_enabled=&#8221;0&#8243;][\/et_pb_button][\/et_pb_column][et_pb_column type=&#8221;1_2&#8243; _builder_version=&#8221;4.0.9&#8243;][et_pb_image src=&#8221;https:\/\/aigueliere.fr\/wp-content\/uploads\/2020\/07\/Nom_P\u00e9gase.jpg&#8221; _builder_version=&#8221;4.0.9&#8243; transform_scale=&#8221;62%|62%&#8221; custom_margin=&#8221;-56px||||false|false&#8221; custom_padding=&#8221;||0px|||&#8221;][\/et_pb_image][et_pb_text _builder_version=&#8221;4.0.9&#8243; custom_margin=&#8221;3px||||false|false&#8221; custom_padding=&#8221;||0px|||&#8221;]<\/p>\n<p><span style=\"font-size: large;\"><strong>IGP SAINT-GUILHEM-LE-D\u00c9SERT<\/strong><\/span><br \/><strong> G\u00c9OLOGIE DES SOLS<\/strong><br \/>Marnes jaunes humides<br \/><strong>ENC\u00c9PAGEMENT<\/strong><br \/>Cabernet Sauvignon<br \/><strong>VINIFICATION<\/strong><br \/>En cuve inox \u00e0 temp\u00e9rature contr\u00f4l\u00e9e<br \/><strong>ELEVAGE<\/strong><br \/>En barrique durant 14 mois<br \/><strong>RENDEMENT<\/strong><br \/>15 Hl \/ ha<br \/><strong>PRODUCTION TOTALE<\/strong><br \/>2 000 bouteilles<\/p>\n<p>[\/et_pb_text][et_pb_text _builder_version=&#8221;4.5.4&#8243; custom_padding=&#8221;1px|||||&#8221;]<\/p>\n<p><span style=\"font-size: large;\"><strong>P\u00c9GASE 2019<\/strong><\/span><\/p>\n<p><b>D<\/b><b>\u00e9gustation<\/b><\/p>\n<p>100% Cabernet Sauvignon d\u2019une vigne de plus de 40 ans. Nez tr\u00e8s puissant de fruits rouges tr\u00e8s m\u00fbrs, le cacao \u00e9merge apr\u00e8s l\u2019agitation et s\u2019intensifie, puis le gingembre et la vanille apparaissent. La bouche retrouve les ar\u00f4mes du nez avec la puissance en plus, le tout enrob\u00e9 par une note grill\u00e9e et bois\u00e9e. Le vin est bien \u00e9quilibr\u00e9, rond, les tanins sont fins et puissants en harmonie avec le fruit\u00e9, le tout bien enrob\u00e9 par une belle sensation de sucrosit\u00e9. Un vin de garde qui va s\u2019affiner au fil des ans, les tanins vont se fondre, la bouche sera plus suave. Les amateurs vont prendre du plaisir tout au long de son \u00e9volution pendant 10 \u00e0 20 ans ou plus. Servir \u00e0 15\u00b0- 16\u00b0 sur les grands gibiers et une c\u00f4te de taureau de Camargue, un plateau de fromages \u00e0 p\u00e2te persill\u00e9e, chocolat noir.<\/p>\n<p><b>Recompenses <\/b><\/p>\n<p>Mill\u00e9sime 2019\u00a0 Wine Advocate Robert Parker Note\u00a0 93 \/100 points<\/p>\n<p>Mill\u00e9sime 2017 \u00a0Wine Advocate Robert Parker Note\u00a0 94 \/100 points<\/p>\n<p>[\/et_pb_text][\/et_pb_column][et_pb_column type=&#8221;1_4&#8243; _builder_version=&#8221;4.0.9&#8243;][et_pb_image src=&#8221;https:\/\/aigueliere.fr\/wp-content\/uploads\/2020\/07\/robert_parker_new_logo_93-1080&#215;1087-1.png&#8221; title_text=&#8221;robert_parker_new_logo_93-1080&#215;1087&#8243; _builder_version=&#8221;4.4.8&#8243; transform_scale=&#8221;85%|85%&#8221; custom_margin=&#8221;||2px|||&#8221;][\/et_pb_image][et_pb_image src=&#8221;https:\/\/aigueliere.fr\/wp-content\/uploads\/2020\/07\/medaille-or-2018-rvb-1024&#215;1024-1.jpg&#8221; _builder_version=&#8221;4.0.9&#8243;][\/et_pb_image][et_pb_image src=&#8221;https:\/\/aigueliere.fr\/wp-content\/uploads\/2020\/08\/Livraison-Gratuite-2.jpg&#8221; title_text=&#8221;Livraison Gratuite 2&#8243; _builder_version=&#8221;4.5.4&#8243; custom_margin=&#8221;||3px|||&#8221;][\/et_pb_image][et_pb_text _builder_version=&#8221;4.9.2&#8243; _module_preset=&#8221;default&#8221; hover_enabled=&#8221;0&#8243; sticky_enabled=&#8221;0&#8243;]<\/p>\n<p>Frais de port offerts \u00e0 partir de 100\u20acHT de commande<\/p>\n<p>[\/et_pb_text][\/et_pb_column][\/et_pb_row][et_pb_row _builder_version=&#8221;4.0.9&#8243;][et_pb_column type=&#8221;4_4&#8243; _builder_version=&#8221;4.0.9&#8243;][et_pb_toggle title=&#8221;TARIFS DEGRESSIFS&#8221; open_toggle_text_color=&#8221;#c5310d&#8221; icon_color=&#8221;#e02b20&#8243; use_icon_font_size=&#8221;on&#8221; icon_font_size=&#8221;25px&#8221; _builder_version=&#8221;4.9.2&#8243; title_level=&#8221;h4&#8243; hover_enabled=&#8221;0&#8243; locked=&#8221;off&#8221; sticky_enabled=&#8221;0&#8243;]<\/p>\n<table height=\"197\" style=\"width: 1013px; margin-left: auto; margin-right: auto;\">\n<tbody>\n<tr>\n<td style=\"width: 187px; text-align: center;\">de 1 \u00e0 10 cartons<\/td>\n<td style=\"width: 201px; text-align: center;\">de 11 \u00e0 20 cartons<\/td>\n<td style=\"width: 197px; text-align: center;\">de 21 \u00e0 50 cartons<\/td>\n<td style=\"width: 195px; text-align: center;\">de 51 \u00e0 99 cartons<\/td>\n<td style=\"width: 199px; text-align: center;\">\u00e0 partir de 100 cartons<\/td>\n<\/tr>\n<tr>\n<td style=\"width: 187px;\">\n<h3 style=\"text-align: center;\"><strong>94.50\u20ac HT<\/strong><\/h3>\n<p style=\"text-align: center;\">soit 15.75\u20ac la bouteille<\/p>\n<\/td>\n<td style=\"width: 201px;\">\n<h3 style=\"text-align: center;\"><strong>88.50\u20ac HT<\/strong><\/h3>\n<p style=\"text-align: center;\">soit 14.75\u20ac la bouteille<\/p>\n<\/td>\n<td style=\"width: 197px; text-align: center;\">\n<h3><strong>84.00\u20ac HT<\/strong><\/h3>\n<p>soit 14.00\u20ac la bouteille<\/p>\n<\/td>\n<td style=\"width: 195px;\">\n<h3 style=\"text-align: center;\"><strong>81.00\u20ac HT<\/strong><\/h3>\n<p style=\"text-align: center;\">soit 13.50\u20ac la bouteille<\/p>\n<\/td>\n<td style=\"width: 199px;\">\n<h3 style=\"text-align: center;\"><strong>78.00\u20ac HT<\/strong><\/h3>\n<p style=\"text-align: center;\">soit 13.00\u20ac la bouteille<\/p>\n<\/td>\n<\/tr>\n<\/tbody>\n<\/table>\n<h3 style=\"text-align: center;\"><strong>Les frais de port sont offerts\u00a0 \u00e0 partir de 100\u20acHT de commande<\/strong><\/h3>\n<p>[\/et_pb_toggle][\/et_pb_column][\/et_pb_row][\/et_pb_section]<\/p>\n","protected":false},"excerpt":{"rendered":"<p>IGP SAINT-GUILHEM-LE-D\u00c9SERT G\u00c9OLOGIE DES SOLSMarnes jaunes humidesENC\u00c9PAGEMENTCabernet SauvignonVINIFICATIONEn cuve inox \u00e0 temp\u00e9rature contr\u00f4l\u00e9eELEVAGEEn barrique durant 14 moisRENDEMENT15 Hl \/ haPRODUCTION TOTALE2 000 bouteillesP\u00c9GASE 2019 D\u00e9gustation 100% Cabernet Sauvignon d\u2019une vigne de plus de 40 ans. Nez tr\u00e8s puissant de fruits rouges tr\u00e8s m\u00fbrs, le cacao \u00e9merge apr\u00e8s l\u2019agitation et s\u2019intensifie, puis le gingembre et la [&hellip;]<\/p>\n","protected":false},"author":1,"featured_media":0,"parent":558,"menu_order":0,"comment_status":"closed","ping_status":"closed","template":"","meta":{"_et_pb_use_builder":"on","_et_pb_old_content":"","_et_gb_content_width":"","footnotes":""},"class_list":["post-610","page","type-page","status-publish","hentry"],"yoast_head":"<!-- This site is optimized with the Yoast SEO plugin v26.9 - https:\/\/yoast.com\/product\/yoast-seo-wordpress\/ -->\n<title>P\u00e9gase - Domaine L&#039;Aigueli\u00e8re<\/title>\n<meta name=\"description\" content=\"P\u00e9gase Aigueli\u00e8re Rouge IGP Saint Guilhem le D\u00e9sert\" \/>\n<meta name=\"robots\" content=\"index, follow, max-snippet:-1, max-image-preview:large, max-video-preview:-1\" \/>\n<link rel=\"canonical\" href=\"https:\/\/aigueliere.fr\/index.php\/nos-vins\/pegase\/\" \/>\n<meta property=\"og:locale\" content=\"fr_FR\" \/>\n<meta property=\"og:type\" content=\"article\" \/>\n<meta property=\"og:title\" content=\"P\u00e9gase - Domaine L&#039;Aigueli\u00e8re\" \/>\n<meta property=\"og:description\" content=\"P\u00e9gase Aigueli\u00e8re Rouge IGP Saint Guilhem le D\u00e9sert\" \/>\n<meta property=\"og:url\" content=\"https:\/\/aigueliere.fr\/index.php\/nos-vins\/pegase\/\" \/>\n<meta property=\"og:site_name\" content=\"Domaine L&#039;Aigueli\u00e8re\" \/>\n<meta property=\"article:modified_time\" content=\"2021-03-14T18:07:24+00:00\" \/>\n<meta name=\"twitter:card\" content=\"summary_large_image\" \/>\n<meta name=\"twitter:label1\" content=\"Dur\u00e9e de lecture estim\u00e9e\" \/>\n\t<meta name=\"twitter:data1\" content=\"3 minutes\" \/>\n<script type=\"application\/ld+json\" class=\"yoast-schema-graph\">{\"@context\":\"https:\/\/schema.org\",\"@graph\":[{\"@type\":\"WebPage\",\"@id\":\"https:\/\/aigueliere.fr\/index.php\/nos-vins\/pegase\/\",\"url\":\"https:\/\/aigueliere.fr\/index.php\/nos-vins\/pegase\/\",\"name\":\"P\u00e9gase - Domaine L&#039;Aigueli\u00e8re\",\"isPartOf\":{\"@id\":\"https:\/\/aigueliere.fr\/#website\"},\"datePublished\":\"2020-07-12T14:21:12+00:00\",\"dateModified\":\"2021-03-14T18:07:24+00:00\",\"description\":\"P\u00e9gase Aigueli\u00e8re Rouge IGP Saint Guilhem le D\u00e9sert\",\"breadcrumb\":{\"@id\":\"https:\/\/aigueliere.fr\/index.php\/nos-vins\/pegase\/#breadcrumb\"},\"inLanguage\":\"fr-FR\",\"potentialAction\":[{\"@type\":\"ReadAction\",\"target\":[\"https:\/\/aigueliere.fr\/index.php\/nos-vins\/pegase\/\"]}]},{\"@type\":\"BreadcrumbList\",\"@id\":\"https:\/\/aigueliere.fr\/index.php\/nos-vins\/pegase\/#breadcrumb\",\"itemListElement\":[{\"@type\":\"ListItem\",\"position\":1,\"name\":\"Accueil\",\"item\":\"https:\/\/aigueliere.fr\/\"},{\"@type\":\"ListItem\",\"position\":2,\"name\":\"nos Vins\",\"item\":\"https:\/\/aigueliere.fr\/index.php\/nos-vins\/\"},{\"@type\":\"ListItem\",\"position\":3,\"name\":\"P\u00e9gase\"}]},{\"@type\":\"WebSite\",\"@id\":\"https:\/\/aigueliere.fr\/#website\",\"url\":\"https:\/\/aigueliere.fr\/\",\"name\":\"Domaine L&#039;Aigueli\u00e8re\",\"description\":\"Un vigneron \u00e0 votre \u00e9coute\",\"potentialAction\":[{\"@type\":\"SearchAction\",\"target\":{\"@type\":\"EntryPoint\",\"urlTemplate\":\"https:\/\/aigueliere.fr\/?s={search_term_string}\"},\"query-input\":{\"@type\":\"PropertyValueSpecification\",\"valueRequired\":true,\"valueName\":\"search_term_string\"}}],\"inLanguage\":\"fr-FR\"}]}<\/script>\n<!-- \/ Yoast SEO plugin. -->","yoast_head_json":{"title":"P\u00e9gase - Domaine L&#039;Aigueli\u00e8re","description":"P\u00e9gase Aigueli\u00e8re Rouge IGP Saint Guilhem le D\u00e9sert","robots":{"index":"index","follow":"follow","max-snippet":"max-snippet:-1","max-image-preview":"max-image-preview:large","max-video-preview":"max-video-preview:-1"},"canonical":"https:\/\/aigueliere.fr\/index.php\/nos-vins\/pegase\/","og_locale":"fr_FR","og_type":"article","og_title":"P\u00e9gase - Domaine L&#039;Aigueli\u00e8re","og_description":"P\u00e9gase Aigueli\u00e8re Rouge IGP Saint Guilhem le D\u00e9sert","og_url":"https:\/\/aigueliere.fr\/index.php\/nos-vins\/pegase\/","og_site_name":"Domaine L&#039;Aigueli\u00e8re","article_modified_time":"2021-03-14T18:07:24+00:00","twitter_card":"summary_large_image","twitter_misc":{"Dur\u00e9e de lecture estim\u00e9e":"3 minutes"},"schema":{"@context":"https:\/\/schema.org","@graph":[{"@type":"WebPage","@id":"https:\/\/aigueliere.fr\/index.php\/nos-vins\/pegase\/","url":"https:\/\/aigueliere.fr\/index.php\/nos-vins\/pegase\/","name":"P\u00e9gase - Domaine L&#039;Aigueli\u00e8re","isPartOf":{"@id":"https:\/\/aigueliere.fr\/#website"},"datePublished":"2020-07-12T14:21:12+00:00","dateModified":"2021-03-14T18:07:24+00:00","description":"P\u00e9gase Aigueli\u00e8re Rouge IGP Saint Guilhem le D\u00e9sert","breadcrumb":{"@id":"https:\/\/aigueliere.fr\/index.php\/nos-vins\/pegase\/#breadcrumb"},"inLanguage":"fr-FR","potentialAction":[{"@type":"ReadAction","target":["https:\/\/aigueliere.fr\/index.php\/nos-vins\/pegase\/"]}]},{"@type":"BreadcrumbList","@id":"https:\/\/aigueliere.fr\/index.php\/nos-vins\/pegase\/#breadcrumb","itemListElement":[{"@type":"ListItem","position":1,"name":"Accueil","item":"https:\/\/aigueliere.fr\/"},{"@type":"ListItem","position":2,"name":"nos Vins","item":"https:\/\/aigueliere.fr\/index.php\/nos-vins\/"},{"@type":"ListItem","position":3,"name":"P\u00e9gase"}]},{"@type":"WebSite","@id":"https:\/\/aigueliere.fr\/#website","url":"https:\/\/aigueliere.fr\/","name":"Domaine L&#039;Aigueli\u00e8re","description":"Un vigneron \u00e0 votre \u00e9coute","potentialAction":[{"@type":"SearchAction","target":{"@type":"EntryPoint","urlTemplate":"https:\/\/aigueliere.fr\/?s={search_term_string}"},"query-input":{"@type":"PropertyValueSpecification","valueRequired":true,"valueName":"search_term_string"}}],"inLanguage":"fr-FR"}]}},"_links":{"self":[{"href":"https:\/\/aigueliere.fr\/index.php\/wp-json\/wp\/v2\/pages\/610","targetHints":{"allow":["GET"]}}],"collection":[{"href":"https:\/\/aigueliere.fr\/index.php\/wp-json\/wp\/v2\/pages"}],"about":[{"href":"https:\/\/aigueliere.fr\/index.php\/wp-json\/wp\/v2\/types\/page"}],"author":[{"embeddable":true,"href":"https:\/\/aigueliere.fr\/index.php\/wp-json\/wp\/v2\/users\/1"}],"replies":[{"embeddable":true,"href":"https:\/\/aigueliere.fr\/index.php\/wp-json\/wp\/v2\/comments?post=610"}],"version-history":[{"count":11,"href":"https:\/\/aigueliere.fr\/index.php\/wp-json\/wp\/v2\/pages\/610\/revisions"}],"predecessor-version":[{"id":1386,"href":"https:\/\/aigueliere.fr\/index.php\/wp-json\/wp\/v2\/pages\/610\/revisions\/1386"}],"up":[{"embeddable":true,"href":"https:\/\/aigueliere.fr\/index.php\/wp-json\/wp\/v2\/pages\/558"}],"wp:attachment":[{"href":"https:\/\/aigueliere.fr\/index.php\/wp-json\/wp\/v2\/media?parent=610"}],"curies":[{"name":"wp","href":"https:\/\/api.w.org\/{rel}","templated":true}]}}